7. Give n(9).
-32
Let k(y) = -75*y + 843. Calculate k(14).
-207
Let n(t) = 4*t**2 + 8*t - 7. Determine n(4).
89
Let h(b) = 14*b**3 + 362*b**2 - 51*b - 49. Give h(-26).
-75
Let n(p) = p**2 - 137*p + 2759. Give n(25).
-41
Let w(q) = q**2 - 20*q - 230. Determine w(0).
-230
Let p(c) = c**3 - 12*c**2 + 3*c + 16. Calculate p(-5).
-424
Let w(v) = 3*v**3 - 3*v**2 + 4*v - 54. Determine w(4).
106
Let x(v) = v**3 - 7*v**2 + 5*v + 14. Determine x(4).
-14
Let t(x) = -28*x - 2. Calculate t(4).
-114
Let a(c) = -6*c - 54. Determine a(-20).
66
Let r(q) = 407*q + 56978. Calculate r(-140).
-2
Let i(x) = 32*x - 3881. Calculate i(103).
-585
Let x(g) = -g**2 - 52*g + 311. Give x(-58).
-37
Let z(c) = -c**3 + 219*c**2 - 406*c - 6080. Calculate z(217).
-4
Let z(o) = 12*o**2 + 140*o - 239. What is z(-13)?
-31
Let a(o) = -o**3 - 18*o**2 - 105*o - 215. Determine a(-8).
-15
Let g(d) = 9*d**2 + 124*d - 769. Calculate g(-19).
124
Let i(m) = 29*m - 62. What is i(2)?
-4
Let p(l) = -2*l**3 - 55*l**2 - 70*l + 185. Give p(-26).
-23
Let d(r) = -36*r - 140. Give d(-7).
112
Let x(b) = -586*b + 18154. Calculate x(31).
-12
Let u(g) = 61*g**2 + 57*g - 2. Give u(-1).
2
Let b(w) = w**2 + 31*w - 51. Give b(-32).
-19
Let m(p) = 2*p**2 - 20*p + 4. Determine m(11).
26
Let y(j) = -570*j + 87210. What is y(153)?
0
Let u(n) = -2*n**2 + 16*n + 69. What is u(0)?
69
Let c(p) = 7*p**3 - 9*p + 22. Give c(3).
184
Let j(f) = f**2 + 1878*f + 9357. What is j(-5)?
-8
Let o(p) = 4*p**3 + 4*p**2 + 10*p + 31. Give o(-4).
-201
Let d(a) = -2*a**2 + 35*a + 126. Give d(21).
-21
Let u(d) = 210*d - 3505. Give u(19).
485
Let g(p) = p**3 - 215*p**2 - 1316*p - 2212. What is g(221)?
-2
Let y(n) = 4*n - 896. What is y(224)?
0
Let c(a) = 23*a**2 - 22*a - 60. Give c(-3).
213
Let l(r) = -r**3 + 24*r**2 + 18*r + 182. Calculate l(25).
7
Let w(u) = -u**3 + 13*u**2 + 246*u - 364. Give w(23).
4
Let i(q) = 285*q + 277. Give i(-1).
-8
Let n(j) = 2*j + 277. What is n(-24)?
229
Let z(w) = -w**3 + 30*w**2 - 94*w + 351. Give z(27).
0
Let w(r) = -22*r**2 + 3*r - 3. Calculate w(3).
-192
Let f(g) = -g**3 + 15*g**2 + 78*g - 26. What is f(19)?
12
Let n(g) = -3*g**2 - 59*g - 98. Give n(-18).
-8
Let p(w) = -w**3 + 60*w**2 + 1307*w + 151. What is p(77)?
-3
Let w(o) = -28*o - 54. Determine w(-2).
2
Let h(r) = -6*r**2 - 41*r + 19. Give h(-7).
12
Let m(g) = 44*g - 5491. Calculate m(125).
9
Let l(u) = 4066*u + 24415. Calculate l(-6).
19
Let g(b) = 356*b - 4715. Determine g(13).
-87
Let x(s) = s**3 + 12*s**2 - 15*s - 46. What is x(-11)?
240
Let b(r) = r**3 - 120*r**2 + 1925*r - 517. Give b(101).
89
Let b(i) = -25*i**2 - 266*i - 2. Give b(-11).
-101
Let m(l) = l**3 + l**2 + 79*l - 556. Calculate m(7).
389
Let f(n) = 5557*n - 22228. Give f(4).
0
Let p(m) = m**2 - 15*m - 450. What is p(-15)?
0
Let c(k) = 80*k + 5444. Calculate c(-68).
4
Let g(a) = 9*a - 62. Give g(-4).
-98
Let x(k) = -k**2 - 601*k + 5483. Determine x(9).
-7
Let r(w) = 29*w**3 - w**2 - 8*w + 6. What is r(1)?
26
Let j(z) = -z**3 + 39*z**2 + 40*z + 37. What is j(40)?
37
Let d(n) = -n**2 - 22*n - 33. Give d(-23).
-56
Let c(r) = 38*r**2 - 16*r - 43. Determine c(-3).
347
Let j(r) = -63*r - 2914. Give j(-45).
-79
Let v(z) = -11*z + 291. Calculate v(12).
159
Let t(h) = h**3 + 2*h**2 + 418*h - 1272. Determine t(3).
27
Let k(y) = 77*y + 70. Give k(2).
224
Let s(d) = -861*d - 11192. Calculate s(-13).
1
Let x(g) = -g**3 - 41*g**2 - 239*g - 107. Give x(-34).
-73
Let o(r) = 28*r - 252. Give o(10).
28
Let r(y) = 12*y - 250. Calculate r(26).
62
Let f(k) = k**3 - 25*k**2 - 25*k - 15. What is f(26)?
11
Let w(r) = 135*r - 1748. Determine w(13).
7
Let c(p) = p**3 - 56*p**2 + 102*p + 254. Calculate c(54).
-70
Let q(j) = 67*j + 425. Calculate q(-6).
23
Let d(h) = 16*h + 641. Determine d(-40).
1
Let m(g) = -g**2 + 6*g + 24. What is m(8)?
8
Let w(d) = -11142*d + 22263. What is w(2)?
-21
Let v(g) = 5*g**2 + 173*g + 618. What is v(-4)?
6
Let b(a) = a**2 - 325*a + 9639. Calculate b(33).
3
Let z(n) = 6*n + 139. Give z(24).
283
Let o(l) = -11*l**3 + 32*l**2 - 49*l + 117. What is o(3)?
-39
Let t(c) = c**3 - 9*c**2 - 3*c + 117. Give t(10).
187
Let z(g) = g**2 - 102*g + 13. Determine z(98).
-379
Let m(v) = 15*v - 647. Determine m(30).
-197
Let r(b) = -5*b**2 - 168*b + 668. Give r(4).
-84
Let y(o) = -220*o - 15140. Determine y(-69).
40
Let g(l) = l**3 + 16*l**2 + 13*l - 11. Determine g(-16).
-219
Let h(x) = x**3 - 4*x**2 + 10*x - 84. What is h(5)?
-9
Let x(l) = -12*l**2 + 158*l - 609. Give x(4).
-169
Let l(b) = -21*b - 58. Determine l(1).
-79
Let m(k) = -k**2 + 8710*k - 60922. Give m(7).
-1
Let g(f) = -29*f**2 + 81*f + 18. Give g(5).
-302
Let f(k) = 32*k**2 + 167*k + 5. Calculate f(-5).
-30
Let a(p) = -p**3 - 12*p**2 + 59*p + 203. Give a(-15).
-7
Let x(r) = -4194*r + 20963. Calculate x(5).
-7
Let z(r) = -r**3 - 77*r**2 + 150*r - 629. Calculate z(-79).
3
Let u(d) = -d**2 - 2912*d - 14536. Calculate u(-5).
-1
Let c(f) = 6*f**2 + 141*f - 568. What is c(-27)?
-1
Let d(m) = -91*m - 2197. Determine d(-24).
-13
Let d(m) = -m**3 + 33*m**2 - 42*m + 629. Determine d(32).
309
Let h(t) = 797*t**2 - 5574*t - 31. What is h(7)?
4
Let n(p) = -346*p + 335. Give n(1).
-11
Let w(d) = 7*d**2 - 66*d + 18. Calculate w(10).
58
Let w(g) = -3*g**2 - 8*g - 15. Give w(-9).
-186
Let s(v) = -19*v - 36. Calculate s(-13).
211
Let o(q) = 2*q**2 + 15*q + 22. Calculate o(-1).
9
Let k(g) = g**3 + 20*g**2 - 8*g - 42. Give k(-20).
118
Let q(i) = 3*i**3 - 7*i**2 + 7*i - 2. Calculate q(1).
1
Let p(q) = q**3 - 9*q**2 - 16*q + 59. What is p(10)?
-1
Let k(m) = 24*m**3 - 4*m**2 - 8*m - 3. Determine k(-1).
-23
Let j(k) = 2*k**2 - 6*k + 6. Determine j(-10).
266
Let o(y) = 57*y - 2930. What is o(52)?
34
Let j(g) = 155*g + 2390. Give j(-16).
-90
Let t(m) = 4619*m + 83146. What is t(-18)?
4
Let m(u) = -232*u + 4179. Calculate m(18).
3
Let n(j) = -6*j**3 + j**2 - 23*j - 2. Determine n(4).
-462
Let b(q) = 29*q - 360. Determine b(13).
17
Let f(q) = -179*q + 556. What is f(3)?
19
Let q(f) = -f**3 - 10*f**2 + 117*f + 73. Determine q(-17).
107
Let d(c) = -c**2 + 20*c - 109. Calculate d(10).
-9
Let n(c) = -3*c**3 - 270*c**2 + 6*c + 543. What is n(-90)?
3
Let g(m) = 2*m**2 - 1188*m - 37452. Determine g(-30).
-12
Let x(f) = -f + 129. Calculate x(7).
122
Let b(p) = -14*p**3 - 167*p**2 - 148*p - 38. Give b(-11).
17
Let f(x) = -x**2 - 37*x + 35. Determine f(-37).
35
Let w(m) = -2*m**2 - 6*m + 2. Calculate w(-5).
-18
Let v(t) = -10*t**2 + 188*t - 2. Give v(19).
-40
Let f(r) = 22*r**2 + 75*r + 1. Determine f(-3).
-26
Let v(t) = t**3 + 6*t**2 + 2*t + 24. What is v(-5)?
39
Let f(t) = -36*t**3 - 253*t**2 - 5*t + 14. What is f(-7)?
0
Let c(p) = 24*p - 643. Determine c(27).
5
Let m(t) = -t**3 + 6*t**2 - 71*t + 188. Give m(3).
2
Let y(s) = -1070*s + 9554. What is y(9)?
-76
Let d(t) = 138*t + 940. Calculate d(-7).
-26
Let y(o) = -o**3 - 17*o**2 - 73*o - 15. What is y(-7)?
6
Let v(w) = 417*w + 5001. Determine v(-12).
-3
Let u(j) = 4*j**3 + j**2 + 2*j - 6. What is u(0)?
-6
Let s(p) = 16*p + 24. Determine s(7).
136
Let h(l) = -l**3 - 4*l**2 + 21*l + 64. What is h(-6)?
10
Let v(w) = -36*w - 1807. Determine v(-50).
-7
Let r(w) = -5*w**2 - 37*w - 1. Calculate r(0).
-1
Let l(o) = -118*o**2 - 1303*o - 7. What is l(-11)?
48
Let o(n) = 11*n**2 - 191*n - 1216. What is o(-6)?
326
Let m(k) = 18752*k + 112509. Give m(-6).
-3
Let w(y) = -y**2 - 35*y + 156. What is w(-39)?
0
Let b(x) = 3*x**2 - 13*x - 11. Calculate b(-2).
27
Let w(p) = -110*p - 334. Determine w(-3).
-4
Let h(b) = b - 281. Determine h(-8).
-289
Let h(g) = 201*g + 615. Calculate h(-4).
-189
Let w(u) = -u**2 - 10*u + 178. Give w(-19).
7
Let w(r) = -19*r**2 + 156*r + 9. Give w(9).
-126
Let q(i) = -234*i - 8. Give q(2).
-476
Let g(z) = -30*z**2 - 10*z - 8. Determine g(-1).
-28
Let x(o) = o**2 - 62*o - 18. What is x(0)?
-18
Let p(t) = -91*t - 971. Calculate p(-10).
-61
Let x(r) = -13*r**2 + 912*r - 1802. Give x(2).
-30
Let x(a) = a**3 + 28*a**2 - 4*a + 366. Give x(-28).
478
Let l(h) = -3*h**2 - 22*h + 80. Give l(-16).
-336
Let h(j) = -41*j**2 + 1477*j - 44. What is h(36)?
-8
Let t(h) = -181*h**2 + 1269*h - 16. Give t(7).
-2
Let x(f) = 8*f**3 - 8*f**2 + 28*f - 22. Calculate x(1).
6
Let u(r) = -r**3 - 13*r**2 - 17*r - 14. What is u(-8)?
-198
Let y(g) = 912*g - 79337. Determine y(87).
7
Let k(v) = 23*v - 347. Determine k(15).
-2
Let